 - -27)) + -4.
-45
Calculate (-56 - (-1 - 3 - -6)) + -1 + -41 + 38.
-62
Calculate -4 + (9 - 51) - 4.
-50
What is 5 + (-15 - (1 + (38 - 5)))?
-44
What is the value of -65 + 54 + -12 + 8 + -8?
-23
What is the value of 12 + (14 - 37) + 29 + 0?
18
43 - (215 + -146) - (0 + 60)
-86
Evaluate (18 - (9 - -19)) + 19 + 35 + -1.
43
What is the value of 3094 - 3135 - (1 + -29)?
-13
20 - (-12 + (14 - 87) + 18 - -9)
78
What is 0 + 41 + (-71 - -123) + -63?
30
What is the value of (-5 - (1 - 0)) + (2 - -23 - (-1663 + 1692))?
-10
What is -12 + -100 + 4 + (10 + -22 - 1)?
-121
What is the value of (11 + -2 - 18) + (11 - 2 - 12) + -24?
-36
What is -47 + -22 + (10 + -9 - ((0 - 3) + 0))?
-65
Calculate -12 - ((-14 - (10 + 2 + -14 + -1)) + 78).
-79
What is 18 + -2 - ((-87 - -223) + (12 + -10 - -20))?
-142
((6 - 49) + -7 - -7) + -8 + -2
-53
What is the value of 119 + (-60 - 40) - (10 + 1)?
8
-3 + (3 - (-20 + 10)) - (-4 - 11 - 0)
25
Calculate -6 + -14 - (80 - 96).
-4
Evaluate -2 + -36 + 0 - (117 + -112 - 3).
-40
Evaluate (83 - (-25 + 42)) + -2 + 7 + -3.
68
What is the value of 16 - (-13 + 65 + -11) - -16 - (0 - -14)?
-23
-57 + 68 + -1 + 8 + (-11 + -5 - -21)
23
What is the value of 74 - -7 - (22 + 3 + -20 + 5)?
71
What is the value of 4 - (-8 + 59 - 40)?
-7
What is the value of 51 + -97 + 33 - 23?
-36
What is -37 + (-48 - -98) + -6 + -11?
-4
(12 - -1) + -114 + (20 - -80)
-1
What is 11 - 0 - (-11 + (-25 - (-5 + -19)))?
23
Evaluate 2 + -36 + (27 - (-46 + 7)).
32
Evaluate 13 - ((-543 - -558) + (-3 + 5 - 17)).
13
Calculate (-87 - (3 + 11)) + -1 + 13 + -6.
-95
(-87 - -2) + -9 + 10 + 31
-53
What is -39 - ((21 - 59) + 40)?
-41
Calculate 7 + (5 - -29) + -60.
-19
What is 254 + -192 + (-61 - -10)?
11
Calculate (-29 + 11 - -8) + (-186 - -102).
-94
What is the value of -14 - (-1 - 20 - (243 - 248)) - 116?
-114
What is -10 + (16 - 2) + -21?
-17
What is 1 + -3 + -7 - (2 - -23 - (-12 - -5))?
-41
What is the value of (1 + 11 - 18) + 19 + 1 + -15?
-1
Calculate (-1496 - -1539) + -129 + 7.
-79
Evaluate 7 + -11 + -5 + 52 + -60 - 61.
-78
Calculate 50 + -10 + -15 + -21.
4
Evaluate (20 - (4 + (-1 - -1))) + 873 + -885.
4
(-3 - -4) + -26 - (-688 - -677) - (0 - -26)
-40
What is 7 + (-7 + 10 + -1 - (-10 + 15 - 21))?
25
Calculate (-45 - (-141 - -93)) + 104.
107
Evaluate -2 + 67 - (63 + -49 + -5).
56
What is (-2 - -40) + -2 - ((1 - 2) + -386 + 397)?
26
Calculate (50 - 86 - (-4 + -5 + -7)) + -10.
-30
53 + 3 - ((-15 - -10 - -9 - 3) + 9)
46
What is the value of -1 + 2 + 63 + 15 + -43 + 28?
64
What is the value of (654 - 565) + ((-1 - (6 - 3)) + 5 - 5)?
85
Calculate -21 - (-49 + 62 - (-40 + 6)) - -21.
-47
Evaluate -41 - -30 - -4 - (32 - 70).
31
What is the value of (73 - 28) + (-126 - -28)?
-53
Calculate (12 - (0 + 3 - (-50 - -74))) + -13.
20
What is the value of 16 + (-11 - -29) + -44?
-10
What is the value of -1 + 49 + -21 + 20 + -18?
29
What is 100 + (33 - -1 - 103)?
31
56 - (3 + (10 - 11) - 3)
57
What is the value of -36 + -1 + (0 - (18 + -18 - 4))?
-33
79 - 0 - (-7 - (92 + -88) - (-17 + 0))
73
What is the value of (-67 - -65) + 24 + 0 - -31?
53
What is -556 + 515 + (17 - 10)?
-34
Evaluate 110 + -40 + -62 + (-3 - -2 - -1 - -28).
36
Evaluate -150 + 112 + 16 - (-3 - -1).
-20
Calculate -4 + (-3 - 0) + (-473 - -475).
-5
Evaluate -1 + -1 + -2 + (23 - 90) + 21 + 47.
-3
What is the value of (-12 - (12 - -2)) + 14 + 120?
108
22 + (2 - 19) + -4 + -36
-35
What is the value of 141 + -123 + -1 + 5 + -3 + -2?
17
107 - (174 - (170 + -114))
-11
What is (-1808 - -1718) + (6 - -51)?
-33
Calculate (-99 - -110) + -48 + (-4 - (5 - 4)) + 0.
-42
Evaluate -74 + (81 + -10 - 16).
-19
What is -13 - (28 + -34 + 2 + 2 + -3)?
-8
Calculate (19 - 34 - (12 + -29 - (0 - 9))) + 9.
2
Calculate -6890 - -6856 - ((-1 - -1) + -2).
-32
Evaluate -9 + (-13 + 32 - 4) + (-9 + 0 - 1).
-4
What is the value of -31 + -9 - -19 - 4?
-25
Evaluate (-11 - -20) + (5 + 0 + 0 + -1 - -41).
54
What is (1 - -38) + (1 - 4) - (-850 + 840)?
46
What is -212 + 229 + (-1 - 27) + 17?
6
Calculate 3 + -12 + 1 - (-29 + (-5 - -9)).
17
(-8 - (2 + 2 + 1)) + (-1568 - -1643)
62
What is 68 - (34 - (-39 - -64)) - (0 - -14)?
45
Evaluate -11 - (-73 + 19 + 49).
-6
What is the value of 225 + -211 - 62 - (-1 + -39)?
-8
What is -8 + (0 - (-34 + 19)) - -2?
9
-23 + 48 - 50 - -22
-3
What is 82 - 15 - (-23 - -14 - -38)?
38
Calculate 32 - (15 - 2 - 14).
33
15 + 0 - (3363 - 3380)
32
What is the value of (-10 + -114 - -13) + 15 - (-4 - -21)?
-113
What is (53 - 23) + -53 + -19?
-42
Calculate -26 + 0 + (-892 - -904) - (-4 - 12).
2
What is (11 - 0) + (-6 - (33 - (6 + -26))) - 10?
-58
Evaluate 4 - ((-22 - -19) + 22 + (-1 - 3)).
-11
Evaluate -11 + 21 + 54 + -60.
4
13 + (11 - (-7 - -33 - 1) - -9)
8
What is 1 - (-3 - -13) - (22 + -39)?
8
What is 14 + (89 - 116) + 7 + 1 - -98?
93
What is the value of (0 - 10) + (-1 + (-18 - -1) - -26)?
-2
Calculate (18 - 2 - -1) + (-7 - (1 + -4) - -2).
15
Evaluate -19 + 4 - -15 - (-32 + -9).
41
What is -3 - (-5 + (1 - (-3 + -13 + 14 + 5)))?
4
Evaluate 4 + (-2 - (-31 - 1)) + -4 - (232 + -226).
24
What is the value of 22 - (6 + 0) - (-229 - -251)?
-6
Evaluate 6 - -8 - (2 + -1 + 20 - -80).
-87
What is the value of -2 + 2 + (-3 - 8) - (-104 + 276 + -190)?
7
Calculate 20 + ((3 - 12) + -12 - 7).
-8
Calculate 12 - (-4 + 5 + (-13 - -66) + 1).
-43
Calculate 3 - -21 - (-336 + 342) - -79.
97
Evaluate -4 - ((6 - -29) + -20 + -56).
37
What is -10 + 30 + 9 + -21 + 19 + -14?
13
What is -38 - (9 + -2 - ((2 - -10) + 2))?
-31
Calculate 36 - (5 + 2 + -719 + 866).
-118
What is -11 - (25 + -37 + -21) - (6 - -3)?
13
What is 4 - (-30 - -38) - -36?
32
Calculate -3 + (0 - 3) + 106 + -10 + -147.
-57
What is (-62 - -2 - (-64 - -13)) + -1 + (-1 - 9)?
-20
What is -6 + -24 - -25 - (-3 - 31)?
29
Calculate (-50 - -177 - 104) + -114.
-91
What is the value of (9 - (-3 + 2)) + -11 + (-9 - (-4 - -28))?
-34
Calculate 36 - 1 - (321 - 253).
-33
What is the value of (0 - -3 - (-3 - -10)) + 15 - -14?
25
-69 + 107 - (9 - 9 - -19)
19
Evaluate (-2 - -35) + 1 - (-37216 + 37230).
20
9 + (-6 - (19 - 23)) - 30
-23
What is -44 + 7 - 3 - (-35 + 21 - -3 - -21)?
-50
Evaluate 21 - (69 - (-18 - (2 - 30))).
-38
Evaluate (-8 - (0 - 2)) + -225 + 119 + 120.
8
What is (50 - 74 - 36) + (-3 - 4)?
-67
Evaluate (-22 - (-1 + (8 - 4) + 14 + -28)) + -17.
-28
(107 - (36 + 14)) + 2 + -24
35
What is the value of (-40 - -78 - 39) + (-9 - 23)?
-33
-126 - -99 - (-22 - 0) - (6 - 108)
97
(-15 - (47 + 20)) + 35
-47
Evaluate -30 + 93 - (25 + 16 + -18).
40
Calculate 18 - 45 - -21 - ((4 - 80) + 10).
60
10 + 0 - (-12 + 26 + 25)
-29
(-22 + 20 - 13 - 10) + 9
-16
51 + (-7 - 62) + (-1 + -1 - -11)
-9
Evaluate -219 + 55 - -146 - -126.
108
121 + -26 + -39 - 95
-39
38 - (6 + (-57 - -37) - 6)
58
What is the value of (0 - -2) + (26 - 2) + (-981 - -1000)?
45
What is the value of 32 - 7 - -2 - -50?
77
What is the value of (-15 + (19 - (16 + 0)) - -15) + -15 + -131?
-143
What is the value of 31 + -3 - (1683 - 1715)?
60
Calculate (80 - (-102 + 146)) + 9 + (6 + 0 - 3).
48
Calculate 3 - (6 + -5) - (-56 - -49) - 20.
-11
Calculate 21 + (3 - (-5 - 24) - (54 - 33)).
32
What is the value of -16 + (-14 - (-17 + 5)) + 13 + -45?
-50
32 + 5 + -5 - (-4 - -16 - 10)
30
Evaluate -22 - (41 - (39 - -50)).
26
(-140 - 3) + (7 + -1 - (359 + -377))
-119
Evaluate -19 - -4 - -14 - (8 + -7 + -13 + 9).
2
What is the value of 2 + 1 - (3 - -24) - (-185 + 189)?
-28
What is (-14 - -8) + -26 + -31?
-63
What is the value of -4 - (-41 - -20 - (-12 - 2)) - -7?
10
Calculate -342 + 348 + (-7 - 0) + 83.
82
Calculate 1 + 68 - (-29 + 9 + -1).
90
What is the value of -12 - (0 - 1) - (-34 + -23 + -20 + 65)?
1
What is -13 + (-27 - (-28 + 2) - 47)?
-61
Evaluate -1 + -3 + 33 + (-41 - 0 - -42).
30
Calculate -3 + (36 + -22 - 29) + 74.
56
What is 1 + 3 + 11 + -1 + (2550 - 2579)?
-15
(45 - (44 - 21)) + (-33 - 19)
-30
8 + (-33 - 8) + (5 - -3)
-25
What is the value of 33 - (-29 + 49) - 20 - 29?
-36
Evaluate 9 + 0 - (-5 - -4) - (25 - 40).
25
236 - 72 - 78 - 0
86
What is -1 - -96 - (8 + 25 - 82 - -44)?
100
What is the value of -113 + (570 - 574) + 1 + -13 + 30?
-99
-20 + 27 + -9 + -7 + -10
-19
What is the value of (-66 - -23) + -17 + 31?
-29
(2 - 22) + ((-5 + -12 - -39) + -8 - 15)
-21
What is the value of (-103 - -90) + 8 + 27?
22
What is the value of -6 + (-26 + 17 - (8 + -21)) - 58?
-60
Evaluate